{"id":7937,"date":"2024-06-11T19:12:50","date_gmt":"2024-06-11T19:12:50","guid":{"rendered":"https:\/\/untalrene.com.ar\/rene\/?page_id=7937"},"modified":"2024-09-18T15:02:32","modified_gmt":"2024-09-18T15:02:32","slug":"shop","status":"publish","type":"page","link":"https:\/\/untalrene.com.ar\/rene\/shop\/","title":{"rendered":"Shop"},"content":{"rendered":"\t\t<div data-elementor-type=\"wp-page\" data-elementor-id=\"7937\" class=\"elementor elementor-7937\">\n\t\t\t\t\t\t<section data-particle_enable=\"false\" data-particle-mobile-disabled=\"false\" class=\"elementor-section elementor-top-section elementor-element elementor-element-0c95837 elementor-section-height-full elementor-hidden-tablet elementor-hidden-mobile elementor-section-boxed elementor-section-height-default elementor-section-items-middle\" data-id=\"0c95837\" data-element_type=\"section\" data-settings=\"{&quot;background_background&quot;:&quot;gradient&quot;}\">\n\t\t\t\t\t\t\t<div class=\"elementor-background-overlay\"><\/div>\n\t\t\t\t\t\t\t<div class=\"elementor-container elementor-column-gap-default\">\n\t\t\t\t\t<div class=\"elementor-column elementor-col-100 elementor-top-column elementor-element elementor-element-fa99bd9\" data-id=\"fa99bd9\" data-element_type=\"column\">\n\t\t\t<div class=\"elementor-widget-wrap\">\n\t\t\t\t\t\t\t<\/div>\n\t\t<\/div>\n\t\t\t\t\t<\/div>\n\t\t<\/section>\n\t\t\t\t<section data-particle_enable=\"false\" data-particle-mobile-disabled=\"false\" class=\"elementor-section elementor-top-section elementor-element elementor-element-78d400b elementor-section-height-min-height elementor-hidden-desktop elementor-section-boxed elementor-section-height-default elementor-section-items-middle\" data-id=\"78d400b\" data-element_type=\"section\" data-settings=\"{&quot;background_background&quot;:&quot;gradient&quot;}\">\n\t\t\t\t\t\t\t<div class=\"elementor-background-overlay\"><\/div>\n\t\t\t\t\t\t\t<div class=\"elementor-container elementor-column-gap-default\">\n\t\t\t\t\t<div class=\"elementor-column elementor-col-100 elementor-top-column elementor-element elementor-element-3f29ee1\" data-id=\"3f29ee1\" data-element_type=\"column\">\n\t\t\t<div class=\"elementor-widget-wrap\">\n\t\t\t\t\t\t\t<\/div>\n\t\t<\/div>\n\t\t\t\t\t<\/div>\n\t\t<\/section>\n\t\t\t\t<section data-particle_enable=\"false\" data-particle-mobile-disabled=\"false\" class=\"elementor-section elementor-top-section elementor-element elementor-element-e1d9f75 elementor-section-boxed elementor-section-height-default elementor-section-height-default\" data-id=\"e1d9f75\" data-element_type=\"section\">\n\t\t\t\t\t\t\t<div class=\"elementor-background-overlay\"><\/div>\n\t\t\t\t\t\t\t<div class=\"elementor-container elementor-column-gap-default\">\n\t\t\t\t\t<div class=\"elementor-column elementor-col-100 elementor-top-column elementor-element elementor-element-8bdc976\" data-id=\"8bdc976\" data-element_type=\"column\">\n\t\t\t<div class=\"elementor-widget-wrap elementor-element-populated\">\n\t\t\t\t\t\t<div class=\"elementor-element elementor-element-322761e eael-product-grid-column-3 elementor-widget elementor-widget-eicon-woocommerce\" data-id=\"322761e\" data-element_type=\"widget\" data-widget_type=\"eicon-woocommerce.default\">\n\t\t\t\t<div class=\"elementor-widget-container\">\n\t\t\t\n        <div class=\"eael-product-grid eael-product-simple masonry\" id=\"eael-product-grid\" data-widget-id=\"322761e\" data-page-id=\"7937\" data-nonce=\"7af91e9bbd\" >\n            <div class=\"woocommerce\">\n                <ul class=\"products eael-post-appender\" data-layout-mode=\"masonry\" data-ssi-desktop=\"no\" data-ssi-tablet=\"no\" data-ssi-mobile=\"no\"> <li class=\"product \">\n<div class=\"eael-product-wrap\" data-src=\"\" data-src-hover=\"\">\n    <img fetchpriority=\"high\" decoding=\"async\" width=\"300\" height=\"300\" src=\"https:\/\/untalrene.com.ar\/rene\/wp-content\/uploads\/2024\/06\/rene-x6-300x300.png\" class=\"attachment-woocommerce_thumbnail size-woocommerce_thumbnail wvs-archive-product-image\" alt=\"\" loading=\"eager\" srcset=\"https:\/\/untalrene.com.ar\/rene\/wp-content\/uploads\/2024\/06\/rene-x6-300x300.png 300w, https:\/\/untalrene.com.ar\/rene\/wp-content\/uploads\/2024\/06\/rene-x6-150x150.png 150w, https:\/\/untalrene.com.ar\/rene\/wp-content\/uploads\/2024\/06\/rene-x6-768x768.png 768w, https:\/\/untalrene.com.ar\/rene\/wp-content\/uploads\/2024\/06\/rene-x6-600x600.png 600w, https:\/\/untalrene.com.ar\/rene\/wp-content\/uploads\/2024\/06\/rene-x6-100x100.png 100w, https:\/\/untalrene.com.ar\/rene\/wp-content\/uploads\/2024\/06\/rene-x6.png 1000w\" sizes=\"(max-width: 300px) 100vw, 300px\" \/><div class=\"eael-product-title\">\n    <a href=\"https:\/\/untalrene.com.ar\/rene\/producto\/6-latas-rene\/\" class=\"woocommerce-LoopProduct-link woocommerce-loop-product__link\"><h2 class=\"woocommerce-loop-product__title\">6 LATAS REN\u00c9<\/h2><\/a>\n    <\/div><div class=\"eael-product-price\"><span class=\"woocommerce-Price-amount amount\"><bdi><span class=\"woocommerce-Price-currencySymbol\">&#36;<\/span>17,400.00<\/bdi><\/span><\/div>    <a href=\"https:\/\/untalrene.com.ar\/rene\/producto\/6-latas-rene\/\" data-quantity=\"1\" class=\"button product_type_composite add_to_cart_button \" data-product_id=\"7947\" data-product_sku=\"\" aria-label=\"Lee m\u00e1s sobre &ldquo;6 LATAS REN\u00c9&rdquo;\" aria-describedby=\"\" rel=\"nofollow\">Arm\u00e1 tu combo<\/a>    \n<\/div>\n\n<\/li> <li class=\"product \">\n<div class=\"eael-product-wrap\" data-src=\"\" data-src-hover=\"\">\n    <img decoding=\"async\" width=\"300\" height=\"300\" src=\"https:\/\/untalrene.com.ar\/rene\/wp-content\/uploads\/2024\/06\/rene-x12-300x300.png\" class=\"attachment-woocommerce_thumbnail size-woocommerce_thumbnail wvs-archive-product-image\" alt=\"\" loading=\"eager\" srcset=\"https:\/\/untalrene.com.ar\/rene\/wp-content\/uploads\/2024\/06\/rene-x12-300x300.png 300w, https:\/\/untalrene.com.ar\/rene\/wp-content\/uploads\/2024\/06\/rene-x12-150x150.png 150w, https:\/\/untalrene.com.ar\/rene\/wp-content\/uploads\/2024\/06\/rene-x12-768x768.png 768w, https:\/\/untalrene.com.ar\/rene\/wp-content\/uploads\/2024\/06\/rene-x12-600x600.png 600w, https:\/\/untalrene.com.ar\/rene\/wp-content\/uploads\/2024\/06\/rene-x12-100x100.png 100w, https:\/\/untalrene.com.ar\/rene\/wp-content\/uploads\/2024\/06\/rene-x12.png 1000w\" sizes=\"(max-width: 300px) 100vw, 300px\" \/><div class=\"eael-product-title\">\n    <a href=\"https:\/\/untalrene.com.ar\/rene\/producto\/12-latas-rene\/\" class=\"woocommerce-LoopProduct-link woocommerce-loop-product__link\"><h2 class=\"woocommerce-loop-product__title\">12 LATAS REN\u00c9<\/h2><\/a>\n    <\/div><div class=\"eael-product-price\"><span class=\"woocommerce-Price-amount amount\"><bdi><span class=\"woocommerce-Price-currencySymbol\">&#36;<\/span>34,000.00<\/bdi><\/span><\/div>    <a href=\"https:\/\/untalrene.com.ar\/rene\/producto\/12-latas-rene\/\" data-quantity=\"1\" class=\"button product_type_composite add_to_cart_button \" data-product_id=\"7946\" data-product_sku=\"\" aria-label=\"Lee m\u00e1s sobre &ldquo;12 LATAS REN\u00c9&rdquo;\" aria-describedby=\"\" rel=\"nofollow\">Arm\u00e1 tu combo<\/a>    \n<\/div>\n\n<\/li> <li class=\"product \">\n<div class=\"eael-product-wrap\" data-src=\"\" data-src-hover=\"\">\n    <img decoding=\"async\" width=\"300\" height=\"300\" src=\"https:\/\/untalrene.com.ar\/rene\/wp-content\/uploads\/2024\/06\/renekit-300x300.png\" class=\"attachment-woocommerce_thumbnail size-woocommerce_thumbnail wvs-archive-product-image\" alt=\"\" loading=\"eager\" srcset=\"https:\/\/untalrene.com.ar\/rene\/wp-content\/uploads\/2024\/06\/renekit-300x300.png 300w, https:\/\/untalrene.com.ar\/rene\/wp-content\/uploads\/2024\/06\/renekit-150x150.png 150w, https:\/\/untalrene.com.ar\/rene\/wp-content\/uploads\/2024\/06\/renekit-768x768.png 768w, https:\/\/untalrene.com.ar\/rene\/wp-content\/uploads\/2024\/06\/renekit-600x600.png 600w, https:\/\/untalrene.com.ar\/rene\/wp-content\/uploads\/2024\/06\/renekit-100x100.png 100w, https:\/\/untalrene.com.ar\/rene\/wp-content\/uploads\/2024\/06\/renekit.png 1000w\" sizes=\"(max-width: 300px) 100vw, 300px\" \/><div class=\"eael-product-title\">\n    <a href=\"https:\/\/untalrene.com.ar\/rene\/producto\/kit-rene\/\" class=\"woocommerce-LoopProduct-link woocommerce-loop-product__link\"><h2 class=\"woocommerce-loop-product__title\">KIT REN\u00c9<\/h2><\/a>\n    <\/div><span class=\"outofstock-badge sale-preset-1 \">Sin existencias<\/span><div class=\"eael-product-price\"><span class=\"woocommerce-Price-amount amount\"><bdi><span class=\"woocommerce-Price-currencySymbol\">&#36;<\/span>18,164.00<\/bdi><\/span><\/div>    <a href=\"https:\/\/untalrene.com.ar\/rene\/producto\/kit-rene\/\" data-quantity=\"1\" class=\"button product_type_composite \" data-product_id=\"7939\" data-product_sku=\"\" aria-label=\"Lee m\u00e1s sobre &ldquo;KIT REN\u00c9&rdquo;\" aria-describedby=\"\" rel=\"nofollow\">Read more<\/a>    \n<\/div>\n\n<\/li><\/ul>            <\/div>\n        <\/div>\n\n        <script type=\"text\/javascript\">\n            jQuery(document).ready(function($) {\n                var $scope = jQuery(\".elementor-element-322761e\");\n                var $products = $('.products', $scope);\n                var $layout_mode = $products.data('layout-mode');\n                \n                if ( $layout_mode === 'masonry' ) {\n                    \/\/ init isotope\n                    var $isotope_products = $products.isotope({\n                        itemSelector: \"li.product\",\n                        layoutMode: $layout_mode,\n                        percentPosition: true\n                    });\n\n                    $isotope_products.imagesLoaded().progress( function() {\n                        $isotope_products.isotope('layout');\n                    })\n                    \n                }\n            });\n        <\/script>\n        \t\t<\/div>\n\t\t\t\t<\/div>\n\t\t\t\t<div class=\"elementor-element elementor-element-5e31d5c eael-product-grid-column-2 elementor-widget elementor-widget-eicon-woocommerce\" data-id=\"5e31d5c\" data-element_type=\"widget\" data-widget_type=\"eicon-woocommerce.default\">\n\t\t\t\t<div class=\"elementor-widget-container\">\n\t\t\t\n        <div class=\"eael-product-grid eael-product-simple masonry\" id=\"eael-product-grid\" data-widget-id=\"5e31d5c\" data-page-id=\"7937\" data-nonce=\"7af91e9bbd\" >\n            <div class=\"woocommerce\">\n                <ul class=\"products eael-post-appender\" data-layout-mode=\"masonry\" data-ssi-desktop=\"no\" data-ssi-tablet=\"no\" data-ssi-mobile=\"no\"> <li class=\"product \">\n<div class=\"eael-product-wrap\" data-src=\"\" data-src-hover=\"\">\n    <img decoding=\"async\" width=\"300\" height=\"300\" src=\"https:\/\/untalrene.com.ar\/rene\/wp-content\/uploads\/2024\/06\/botella-300x300.png\" class=\"attachment-woocommerce_thumbnail size-woocommerce_thumbnail wvs-archive-product-image\" alt=\"\" loading=\"eager\" srcset=\"https:\/\/untalrene.com.ar\/rene\/wp-content\/uploads\/2024\/06\/botella-300x300.png 300w, https:\/\/untalrene.com.ar\/rene\/wp-content\/uploads\/2024\/06\/botella-150x150.png 150w, https:\/\/untalrene.com.ar\/rene\/wp-content\/uploads\/2024\/06\/botella-768x768.png 768w, https:\/\/untalrene.com.ar\/rene\/wp-content\/uploads\/2024\/06\/botella-600x600.png 600w, https:\/\/untalrene.com.ar\/rene\/wp-content\/uploads\/2024\/06\/botella-100x100.png 100w, https:\/\/untalrene.com.ar\/rene\/wp-content\/uploads\/2024\/06\/botella.png 1000w\" sizes=\"(max-width: 300px) 100vw, 300px\" \/><div class=\"eael-product-title\">\n    <a href=\"https:\/\/untalrene.com.ar\/rene\/producto\/botella-london-dry-gin-17-bueyes\/\" class=\"woocommerce-LoopProduct-link woocommerce-loop-product__link\"><h2 class=\"woocommerce-loop-product__title\">BOTELLA LONDON DRY GIN 17 BUEYES<\/h2><\/a>\n    <\/div><div class=\"eael-product-price\"><span class=\"woocommerce-Price-amount amount\"><bdi><span class=\"woocommerce-Price-currencySymbol\">&#36;<\/span>23,500.00<\/bdi><\/span><\/div>    <a href=\"?add-to-cart=8011\" data-quantity=\"1\" class=\"button product_type_simple add_to_cart_button ajax_add_to_cart \" data-product_id=\"8011\" data-product_sku=\"\" aria-label=\"A\u00f1adir al carrito: &ldquo;BOTELLA LONDON DRY GIN 17 BUEYES&rdquo;\" aria-describedby=\"\" rel=\"nofollow\">Agregar<\/a>    \n<\/div>\n\n<\/li> <li class=\"product \">\n<div class=\"eael-product-wrap\" data-src=\"\" data-src-hover=\"\">\n    <img decoding=\"async\" width=\"300\" height=\"300\" src=\"https:\/\/untalrene.com.ar\/rene\/wp-content\/uploads\/2024\/06\/kit17b-1-300x300.png\" class=\"attachment-woocommerce_thumbnail size-woocommerce_thumbnail wvs-archive-product-image\" alt=\"\" loading=\"eager\" srcset=\"https:\/\/untalrene.com.ar\/rene\/wp-content\/uploads\/2024\/06\/kit17b-1-300x300.png 300w, https:\/\/untalrene.com.ar\/rene\/wp-content\/uploads\/2024\/06\/kit17b-1-150x150.png 150w, https:\/\/untalrene.com.ar\/rene\/wp-content\/uploads\/2024\/06\/kit17b-1-768x768.png 768w, https:\/\/untalrene.com.ar\/rene\/wp-content\/uploads\/2024\/06\/kit17b-1-600x600.png 600w, https:\/\/untalrene.com.ar\/rene\/wp-content\/uploads\/2024\/06\/kit17b-1-100x100.png 100w, https:\/\/untalrene.com.ar\/rene\/wp-content\/uploads\/2024\/06\/kit17b-1.png 1000w\" sizes=\"(max-width: 300px) 100vw, 300px\" \/><div class=\"eael-product-title\">\n    <a href=\"https:\/\/untalrene.com.ar\/rene\/producto\/kit-17bueyes\/\" class=\"woocommerce-LoopProduct-link woocommerce-loop-product__link\"><h2 class=\"woocommerce-loop-product__title\">KIT 17BUEYES<\/h2><\/a>\n    <\/div><span class=\"outofstock-badge sale-preset-1 \">Sin existencias<\/span><div class=\"eael-product-price\"><span class=\"woocommerce-Price-amount amount\"><bdi><span class=\"woocommerce-Price-currencySymbol\">&#36;<\/span>29,500.00<\/bdi><\/span><\/div>    <a href=\"https:\/\/untalrene.com.ar\/rene\/producto\/kit-17bueyes\/\" data-quantity=\"1\" class=\"button product_type_simple \" data-product_id=\"7945\" data-product_sku=\"\" aria-label=\"Lee m\u00e1s sobre &ldquo;KIT 17BUEYES&rdquo;\" aria-describedby=\"\" rel=\"nofollow\">Ver mas<\/a>    \n<\/div>\n\n<\/li><\/ul>            <\/div>\n        <\/div>\n\n        <script type=\"text\/javascript\">\n            jQuery(document).ready(function($) {\n                var $scope = jQuery(\".elementor-element-5e31d5c\");\n                var $products = $('.products', $scope);\n                var $layout_mode = $products.data('layout-mode');\n                \n                if ( $layout_mode === 'masonry' ) {\n                    \/\/ init isotope\n                    var $isotope_products = $products.isotope({\n                        itemSelector: \"li.product\",\n                        layoutMode: $layout_mode,\n                        percentPosition: true\n                    });\n\n                    $isotope_products.imagesLoaded().progress( function() {\n                        $isotope_products.isotope('layout');\n                    })\n                    \n                }\n            });\n        <\/script>\n        \t\t<\/div>\n\t\t\t\t<\/div>\n\t\t\t\t<div class=\"elementor-element elementor-element-d5a456f eael-product-grid-column-2 elementor-widget elementor-widget-eicon-woocommerce\" data-id=\"d5a456f\" data-element_type=\"widget\" data-widget_type=\"eicon-woocommerce.default\">\n\t\t\t\t<div class=\"elementor-widget-container\">\n\t\t\t\n        <div class=\"eael-product-grid eael-product-simple masonry\" id=\"eael-product-grid\" data-widget-id=\"d5a456f\" data-page-id=\"7937\" data-nonce=\"7af91e9bbd\" >\n            <div class=\"woocommerce\">\n                <ul class=\"products eael-post-appender\" data-layout-mode=\"masonry\" data-ssi-desktop=\"no\" data-ssi-tablet=\"no\" data-ssi-mobile=\"no\"> <li class=\"product \">\n<div class=\"eael-product-wrap\" data-src=\"\" data-src-hover=\"\">\n    <img decoding=\"async\" width=\"300\" height=\"300\" src=\"https:\/\/untalrene.com.ar\/rene\/wp-content\/uploads\/2024\/06\/copon-300x300.png\" class=\"attachment-woocommerce_thumbnail size-woocommerce_thumbnail wvs-archive-product-image\" alt=\"\" loading=\"eager\" srcset=\"https:\/\/untalrene.com.ar\/rene\/wp-content\/uploads\/2024\/06\/copon-300x300.png 300w, https:\/\/untalrene.com.ar\/rene\/wp-content\/uploads\/2024\/06\/copon-150x150.png 150w, https:\/\/untalrene.com.ar\/rene\/wp-content\/uploads\/2024\/06\/copon-768x768.png 768w, https:\/\/untalrene.com.ar\/rene\/wp-content\/uploads\/2024\/06\/copon-600x600.png 600w, https:\/\/untalrene.com.ar\/rene\/wp-content\/uploads\/2024\/06\/copon-100x100.png 100w, https:\/\/untalrene.com.ar\/rene\/wp-content\/uploads\/2024\/06\/copon.png 1000w\" sizes=\"(max-width: 300px) 100vw, 300px\" \/><div class=\"eael-product-title\">\n    <a href=\"https:\/\/untalrene.com.ar\/rene\/producto\/copa-dublin-17-bueyes\/\" class=\"woocommerce-LoopProduct-link woocommerce-loop-product__link\"><h2 class=\"woocommerce-loop-product__title\">COP\u00d3N GIN 17 BUEYES<\/h2><\/a>\n    <\/div><div class=\"eael-product-price\"><span class=\"woocommerce-Price-amount amount\"><bdi><span class=\"woocommerce-Price-currencySymbol\">&#36;<\/span>9,900.00<\/bdi><\/span><\/div>    <a href=\"?add-to-cart=8009\" data-quantity=\"1\" class=\"button product_type_simple add_to_cart_button ajax_add_to_cart \" data-product_id=\"8009\" data-product_sku=\"\" aria-label=\"A\u00f1adir al carrito: &ldquo;COP\u00d3N GIN 17 BUEYES&rdquo;\" aria-describedby=\"\" rel=\"nofollow\">Agregar<\/a>    \n<\/div>\n\n<\/li> <li class=\"product \">\n<div class=\"eael-product-wrap\" data-src=\"\" data-src-hover=\"\">\n    <img decoding=\"async\" width=\"300\" height=\"300\" src=\"https:\/\/untalrene.com.ar\/rene\/wp-content\/uploads\/2024\/06\/dublin-1-300x300.png\" class=\"attachment-woocommerce_thumbnail size-woocommerce_thumbnail wvs-archive-product-image\" alt=\"\" loading=\"eager\" srcset=\"https:\/\/untalrene.com.ar\/rene\/wp-content\/uploads\/2024\/06\/dublin-1-300x300.png 300w, https:\/\/untalrene.com.ar\/rene\/wp-content\/uploads\/2024\/06\/dublin-1-150x150.png 150w, https:\/\/untalrene.com.ar\/rene\/wp-content\/uploads\/2024\/06\/dublin-1-768x768.png 768w, https:\/\/untalrene.com.ar\/rene\/wp-content\/uploads\/2024\/06\/dublin-1-600x600.png 600w, https:\/\/untalrene.com.ar\/rene\/wp-content\/uploads\/2024\/06\/dublin-1-100x100.png 100w, https:\/\/untalrene.com.ar\/rene\/wp-content\/uploads\/2024\/06\/dublin-1.png 1000w\" sizes=\"(max-width: 300px) 100vw, 300px\" \/><div class=\"eael-product-title\">\n    <a href=\"https:\/\/untalrene.com.ar\/rene\/producto\/copa-dublin-rene\/\" class=\"woocommerce-LoopProduct-link woocommerce-loop-product__link\"><h2 class=\"woocommerce-loop-product__title\">COPA DUBLIN REN\u00c9<\/h2><\/a>\n    <\/div><span class=\"outofstock-badge sale-preset-1 \">Sin existencias<\/span><div class=\"eael-product-price\"><span class=\"woocommerce-Price-amount amount\"><bdi><span class=\"woocommerce-Price-currencySymbol\">&#36;<\/span>8,900.00<\/bdi><\/span><\/div>    <a href=\"https:\/\/untalrene.com.ar\/rene\/producto\/copa-dublin-rene\/\" data-quantity=\"1\" class=\"button product_type_simple \" data-product_id=\"8010\" data-product_sku=\"\" aria-label=\"Lee m\u00e1s sobre &ldquo;COPA DUBLIN REN\u00c9&rdquo;\" aria-describedby=\"\" rel=\"nofollow\">Ver mas<\/a>    \n<\/div>\n\n<\/li><\/ul>            <\/div>\n        <\/div>\n\n        <script type=\"text\/javascript\">\n            jQuery(document).ready(function($) {\n                var $scope = jQuery(\".elementor-element-d5a456f\");\n                var $products = $('.products', $scope);\n                var $layout_mode = $products.data('layout-mode');\n                \n                if ( $layout_mode === 'masonry' ) {\n                    \/\/ init isotope\n                    var $isotope_products = $products.isotope({\n                        itemSelector: \"li.product\",\n                        layoutMode: $layout_mode,\n                        percentPosition: true\n                    });\n\n                    $isotope_products.imagesLoaded().progress( function() {\n                        $isotope_products.isotope('layout');\n                    })\n                    \n                }\n            });\n        <\/script>\n        \t\t<\/div>\n\t\t\t\t<\/div>\n\t\t\t\t\t<\/div>\n\t\t<\/div>\n\t\t\t\t\t<\/div>\n\t\t<\/section>\n\t\t\t\t<\/div>\n\t\t","protected":false},"excerpt":{"rendered":"<p>6 LATAS REN\u00c9 &#36;11,000.00 Arm\u00e1 tu combo 12 LATAS REN\u00c9 &#36;21,600.00 Arm\u00e1 tu combo KIT REN\u00c9 &#36;14,300.00 Arm\u00e1 tu combo BOTELLA LONDON DRY GIN 17 BUEYES &#36;16,000.00 Agregar KIT 17BUEYES &#36;24,900.00 Agregar COP\u00d3N GIN 17 BUEYES &#36;5,900.00 Agregar COPA DUBLIN REN\u00c9 &#36;4,600.00 Agregar<\/p>\n","protected":false},"author":2,"featured_media":0,"parent":0,"menu_order":0,"comment_status":"closed","ping_status":"closed","template":"","meta":{"_monsterinsights_skip_tracking":false,"_monsterinsights_sitenote_active":false,"_monsterinsights_sitenote_note":"","_monsterinsights_sitenote_category":0,"footnotes":""},"_links":{"self":[{"href":"https:\/\/untalrene.com.ar\/rene\/wp-json\/wp\/v2\/pages\/7937"}],"collection":[{"href":"https:\/\/untalrene.com.ar\/rene\/wp-json\/wp\/v2\/pages"}],"about":[{"href":"https:\/\/untalrene.com.ar\/rene\/wp-json\/wp\/v2\/types\/page"}],"author":[{"embeddable":true,"href":"https:\/\/untalrene.com.ar\/rene\/wp-json\/wp\/v2\/users\/2"}],"replies":[{"embeddable":true,"href":"https:\/\/untalrene.com.ar\/rene\/wp-json\/wp\/v2\/comments?post=7937"}],"version-history":[{"count":58,"href":"https:\/\/untalrene.com.ar\/rene\/wp-json\/wp\/v2\/pages\/7937\/revisions"}],"predecessor-version":[{"id":8217,"href":"https:\/\/untalrene.com.ar\/rene\/wp-json\/wp\/v2\/pages\/7937\/revisions\/8217"}],"wp:attachment":[{"href":"https:\/\/untalrene.com.ar\/rene\/wp-json\/wp\/v2\/media?parent=7937"}],"curies":[{"name":"wp","href":"https:\/\/api.w.org\/{rel}","templated":true}]}}